{"id":21,"date":"2022-02-04T10:49:11","date_gmt":"2022-02-04T09:49:11","guid":{"rendered":"http:\/\/www.mocourt.de\/?page_id=21"},"modified":"2024-06-05T15:18:15","modified_gmt":"2024-06-05T13:18:15","slug":"willkommen","status":"publish","type":"page","link":"https:\/\/www.mocourt.de\/","title":{"rendered":"Willkommen"},"content":{"rendered":"\t\t<div data-elementor-type=\"wp-page\" data-elementor-id=\"21\" class=\"elementor elementor-21\" data-elementor-settings=\"[]\">\n\t\t\t\t\t\t\t<div class=\"elementor-section-wrap\">\n\t\t\t\t\t\t\t<section class=\"elementor-section elementor-top-section elementor-element elementor-element-f4060d2 elementor-section-full_width elementor-section-height-default elementor-section-height-default\" data-id=\"f4060d2\" data-element_type=\"section\">\n\t\t\t\t\t\t<div class=\"elementor-container elementor-column-gap-default\">\n\t\t\t\t\t<div class=\"elementor-column elementor-col-100 elementor-top-column elementor-element elementor-element-abd8ecd\" data-id=\"abd8ecd\" data-element_type=\"column\">\n\t\t\t<div class=\"elementor-widget-wrap elementor-element-populated\">\n\t\t\t\t\t\t\t\t<div class=\"elementor-element elementor-element-64ad793 elementor-widget elementor-widget-heading\" data-id=\"64ad793\" data-element_type=\"widget\" data-widget_type=\"heading.default\">\n\t\t\t\t<div class=\"elementor-widget-container\">\n\t\t\t<style>\/*! elementor - v3.5.5 - 03-02-2022 *\/\n.elementor-heading-title{padding:0;margin:0;line-height:1}.elementor-widget-heading .elementor-heading-title[class*=elementor-size-]>a{color:inherit;font-size:inherit;line-height:inherit}.elementor-widget-heading .elementor-heading-title.elementor-size-small{font-size:15px}.elementor-widget-heading .elementor-heading-title.elementor-size-medium{font-size:19px}.elementor-widget-heading .elementor-heading-title.elementor-size-large{font-size:29px}.elementor-widget-heading .elementor-heading-title.elementor-size-xl{font-size:39px}.elementor-widget-heading .elementor-heading-title.elementor-size-xxl{font-size:59px}<\/style><h2 class=\"elementor-heading-title elementor-size-default\">Willkommen auf Mocourt<\/h2>\t\t<\/div>\n\t\t\t\t<\/div>\n\t\t\t\t\t<\/div>\n\t\t<\/div>\n\t\t\t\t\t\t\t<\/div>\n\t\t<\/section>\n\t\t\t\t<section class=\"elementor-section elementor-top-section elementor-element elementor-element-7d5c94d elementor-section-boxed elementor-section-height-default elementor-section-height-default\" data-id=\"7d5c94d\" data-element_type=\"section\">\n\t\t\t\t\t\t<div class=\"elementor-container elementor-column-gap-default\">\n\t\t\t\t\t<div class=\"elementor-column elementor-col-50 elementor-top-column elementor-element elementor-element-860b99a\" data-id=\"860b99a\" data-element_type=\"column\">\n\t\t\t<div class=\"elementor-widget-wrap elementor-element-populated\">\n\t\t\t\t\t\t\t\t<div class=\"elementor-element elementor-element-4a7f49d elementor-widget elementor-widget-text-editor\" data-id=\"4a7f49d\" data-element_type=\"widget\" data-widget_type=\"text-editor.default\">\n\t\t\t\t<div class=\"elementor-widget-container\">\n\t\t\t<style>\/*! elementor - v3.5.5 - 03-02-2022 *\/\n.elementor-widget-text-editor.elementor-drop-cap-view-stacked .elementor-drop-cap{background-color:#818a91;color:#fff}.elementor-widget-text-editor.elementor-drop-cap-view-framed .elementor-drop-cap{color:#818a91;border:3px solid;background-color:transparent}.elementor-widget-text-editor:not(.elementor-drop-cap-view-default) .elementor-drop-cap{margin-top:8px}.elementor-widget-text-editor:not(.elementor-drop-cap-view-default) .elementor-drop-cap-letter{width:1em;height:1em}.elementor-widget-text-editor .elementor-drop-cap{float:left;text-align:center;line-height:1;font-size:50px}.elementor-widget-text-editor .elementor-drop-cap-letter{display:inline-block}<\/style>\t\t\t\t<p>Wir freuen uns \u00fcber Ihren Besuch auf unserer Homepage. Vieles, was Sie auf den n\u00e4chsten Seiten oder bei einem Besuch in unserem Garten entdecken, wird Sie bestimmt irgendwie an England erinnern. Vom Cottage-Haus bis hin zum heranwachsenden englischen Landschaftsgarten. Unsere Vorliebe f\u00fcr die englische Gartenkunst l\u00e4sst sich nicht verleugnen. <br \/><br \/>Bei der Gestaltung von \u201eMocourt\u201c haben wir versucht, uns nach dem zu richten, was die Natur idealerweise an Ausblicken zu bieten hat. Wir m\u00f6chten eine nat\u00fcrliche Landschaft entstehen lassen, die durch unterschiedliche und abwechslungsreiche Impressionen, dem Auge des Betrachters Genuss und Freude bereiten soll. <br \/><br \/>Gerne begr\u00fc\u00dfen wir Sie pers\u00f6nlich an den Tagen unserer offenen Gartenpforte, Gruppen auch gerne nach Vereinbarung.<br \/><br \/>Viel Spa\u00df beim Schauen<br \/>w\u00fcnschen<br \/>Marion &amp; Norbert<\/p>\t\t\t\t\t\t<\/div>\n\t\t\t\t<\/div>\n\t\t\t\t<section class=\"elementor-section elementor-inner-section elementor-element elementor-element-6c4136d elementor-section-boxed elementor-section-height-default elementor-section-height-default\" data-id=\"6c4136d\" data-element_type=\"section\">\n\t\t\t\t\t\t<div class=\"elementor-container elementor-column-gap-no\">\n\t\t\t\t\t<div class=\"elementor-column elementor-col-50 elementor-inner-column elementor-element elementor-element-7a8a309\" data-id=\"7a8a309\" data-element_type=\"column\">\n\t\t\t<div class=\"elementor-widget-wrap elementor-element-populated\">\n\t\t\t\t\t\t\t\t<div class=\"elementor-element elementor-element-0f2878c elementor-widget elementor-widget-image\" data-id=\"0f2878c\" data-element_type=\"widget\" data-widget_type=\"image.default\">\n\t\t\t\t<div class=\"elementor-widget-container\">\n\t\t\t<style>\/*! elementor - v3.5.5 - 03-02-2022 *\/\n.elementor-widget-image{text-align:center}.elementor-widget-image a{display:inline-block}.elementor-widget-image a img[src$=\".svg\"]{width:48px}.elementor-widget-image img{vertical-align:middle;display:inline-block}<\/style>\t\t\t\t\t\t\t\t\t\t\t\t<img loading=\"lazy\" decoding=\"async\" width=\"203\" height=\"136\" src=\"https:\/\/www.mocourt.de\/wp-content\/uploads\/2022\/02\/MN.jpg\" class=\"attachment-large size-large\" alt=\"\" \/>\t\t\t\t\t\t\t\t\t\t\t\t\t\t\t<\/div>\n\t\t\t\t<\/div>\n\t\t\t\t\t<\/div>\n\t\t<\/div>\n\t\t\t\t<div class=\"elementor-column elementor-col-50 elementor-inner-column elementor-element elementor-element-a9ea556\" data-id=\"a9ea556\" data-element_type=\"column\">\n\t\t\t<div class=\"elementor-widget-wrap\">\n\t\t\t\t\t\t\t\t\t<\/div>\n\t\t<\/div>\n\t\t\t\t\t\t\t<\/div>\n\t\t<\/section>\n\t\t\t\t\t<\/div>\n\t\t<\/div>\n\t\t\t\t<div class=\"elementor-column elementor-col-50 elementor-top-column elementor-element elementor-element-f4b4fea\" data-id=\"f4b4fea\" data-element_type=\"column\">\n\t\t\t<div class=\"elementor-widget-wrap elementor-element-populated\">\n\t\t\t\t\t\t\t\t<div class=\"elementor-element elementor-element-6b3ec4f e-transform elementor-widget elementor-widget-text-editor\" data-id=\"6b3ec4f\" data-element_type=\"widget\" data-settings=\"{&quot;_transform_rotateZ_effect&quot;:{&quot;unit&quot;:&quot;px&quot;,&quot;size&quot;:0,&quot;sizes&quot;:[]},&quot;_transform_rotateZ_effect_tablet&quot;:{&quot;unit&quot;:&quot;px&quot;,&quot;size&quot;:&quot;&quot;,&quot;sizes&quot;:[]},&quot;_transform_rotateZ_effect_mobile&quot;:{&quot;unit&quot;:&quot;px&quot;,&quot;size&quot;:&quot;&quot;,&quot;sizes&quot;:[]}}\" data-widget_type=\"text-editor.default\">\n\t\t\t\t<div class=\"elementor-widget-container\">\n\t\t\t\t\t\t\t<p><strong>&gt; Offener Garten &lt;<\/strong><br \/><strong>Am 9. Juni <\/strong><strong>2024<\/strong><\/p>\t\t\t\t\t\t<\/div>\n\t\t\t\t<\/div>\n\t\t\t\t<div class=\"elementor-element elementor-element-35e2d9e elementor-widget elementor-widget-image\" data-id=\"35e2d9e\" data-element_type=\"widget\" data-widget_type=\"image.default\">\n\t\t\t\t<div class=\"elementor-widget-container\">\n\t\t\t\t\t\t\t\t\t\t\t\t\t\t\t\t<a href=\"http:\/\/www.mocourt.de\/index.php\/offener-garten\/\">\n\t\t\t\t\t\t\t<img loading=\"lazy\" decoding=\"async\" width=\"724\" height=\"1024\" src=\"https:\/\/www.mocourt.de\/wp-content\/uploads\/2024\/06\/\u200eOffener-Garten-2024-Rosenbluetencafe-724x1024.jpeg\" class=\"attachment-large size-large\" alt=\"\" srcset=\"https:\/\/www.mocourt.de\/wp-content\/uploads\/2024\/06\/\u200eOffener-Garten-2024-Rosenbluetencafe-724x1024.jpeg 724w, https:\/\/www.mocourt.de\/wp-content\/uploads\/2024\/06\/\u200eOffener-Garten-2024-Rosenbluetencafe-212x300.jpeg 212w, https:\/\/www.mocourt.de\/wp-content\/uploads\/2024\/06\/\u200eOffener-Garten-2024-Rosenbluetencafe-768x1087.jpeg 768w, https:\/\/www.mocourt.de\/wp-content\/uploads\/2024\/06\/\u200eOffener-Garten-2024-Rosenbluetencafe.jpeg 841w\" sizes=\"auto, (max-width: 724px) 100vw, 724px\" \/>\t\t\t\t\t\t\t\t<\/a>\n\t\t\t\t\t\t\t\t\t\t\t\t\t\t\t<\/div>\n\t\t\t\t<\/div>\n\t\t\t\t<div class=\"elementor-element elementor-element-3d46e37 elementor-widget elementor-widget-text-editor\" data-id=\"3d46e37\" data-element_type=\"widget\" data-widget_type=\"text-editor.default\">\n\t\t\t\t<div class=\"elementor-widget-container\">\n\t\t\t\t\t\t\t<p><a href=\"http:\/\/www.mocourt.de\/index.php\/offener-garten\/\" target=\"_blank\" rel=\"noopener\">Zur Seite offener Garten und weitere Termine<\/a><\/p>\t\t\t\t\t\t<\/div>\n\t\t\t\t<\/div>\n\t\t\t\t\t<\/div>\n\t\t<\/div>\n\t\t\t\t\t\t\t<\/div>\n\t\t<\/section>\n\t\t\t\t\t\t<\/div>\n\t\t\t\t\t<\/div>\n\t\t","protected":false},"excerpt":{"rendered":"<p>Willkommen auf Mocourt Wir freuen uns \u00fcber Ihren Besuch auf unserer Homepage. Vieles, was Sie auf den n\u00e4chsten Seiten oder bei einem Besuch in unserem Garten entdecken, wird Sie bestimmt irgendwie an England erinnern. Vom Cottage-Haus bis hin zum heranwachsenden englischen Landschaftsgarten. Unsere Vorliebe f\u00fcr die englische Gartenkunst l\u00e4sst sich nicht verleugnen. Bei der Gestaltung [&hellip;]<\/p>\n","protected":false},"author":1,"featured_media":0,"parent":0,"menu_order":0,"comment_status":"closed","ping_status":"closed","template":"","meta":{"footnotes":""},"class_list":["post-21","page","type-page","status-publish","hentry","entry"],"_links":{"self":[{"href":"https:\/\/www.mocourt.de\/index.php\/wp-json\/wp\/v2\/pages\/21","targetHints":{"allow":["GET"]}}],"collection":[{"href":"https:\/\/www.mocourt.de\/index.php\/wp-json\/wp\/v2\/pages"}],"about":[{"href":"https:\/\/www.mocourt.de\/index.php\/wp-json\/wp\/v2\/types\/page"}],"author":[{"embeddable":true,"href":"https:\/\/www.mocourt.de\/index.php\/wp-json\/wp\/v2\/users\/1"}],"replies":[{"embeddable":true,"href":"https:\/\/www.mocourt.de\/index.php\/wp-json\/wp\/v2\/comments?post=21"}],"version-history":[{"count":106,"href":"https:\/\/www.mocourt.de\/index.php\/wp-json\/wp\/v2\/pages\/21\/revisions"}],"predecessor-version":[{"id":1754,"href":"https:\/\/www.mocourt.de\/index.php\/wp-json\/wp\/v2\/pages\/21\/revisions\/1754"}],"wp:attachment":[{"href":"https:\/\/www.mocourt.de\/index.php\/wp-json\/wp\/v2\/media?parent=21"}],"curies":[{"name":"wp","href":"https:\/\/api.w.org\/{rel}","templated":true}]}}